-26 - (-6 + 14 - 15)).
3
Calculate (-271 - -263) + (-3 - 9) + -2.
-22
What is 5 + -18 - (-7 - -15) - -8?
-13
What is the value of (8 + 7 + -7 - 0) + 0?
8
22 - (4 + -6 - (-14 + -6 + 11))
15
Evaluate 28 - (31 + -7) - (-1 - (-2 - -3)).
6
What is the value of (-22 - -28 - 4) + (-4 - -10 - 0)?
8
Evaluate 5 - ((266 - 262) + -17 + 2).
16
Evaluate (7 - -7) + -28 + 9.
-5
Evaluate 0 - (0 - ((-8 - -5) + -8)).
-11
What is -9 + (6 - 3) + 7?
1
What is 2 + (-29 - (-14 - (-7 - 16)))?
-36
Calculate (52 - 18 - 42) + (0 - 2) + 2.
-8
Calculate 11 + (4 - (-1 - -8 - 8)).
16
2 + -4 + (-56 - -4) + 67
13
Evaluate (11 + -16 + 7 - (3 - 8)) + -20.
-13
Evaluate 10 - ((-25 - -31) + 2 + -15).
17
Calculate (-2 - -1) + (24 - (6 - 4) - 48).
-27
What is 2 + -19 + (19 - 8)?
-6
Evaluate (13 - 7) + 8 + -7.
7
What is 4 - 3 - (-34 - -42)?
-7
Evaluate -6 - 2 - (-3 - 17) - 6.
6
0 - -5 - (-17 + 8 - -3)
11
(6 - (-6 - (0 + -2))) + -117 + 121
14
Calculate -229 - -215 - (-16 + 0).
2
Calculate -4 + -2 + 2 + (-1 - (-5 - -10)).
-10
12 - 6 - -10 - 11
5
-25 - (-11 + (-1 - -3) - (2 + -2))
-16
What is the value of -8 + 15 + (-9 - (-2 - -5))?
-5
What is (4 - -4) + (-11 - 11)?
-14
Calculate -6 + -1 - (-228 + 231) - (-3 - -1).
-8
Calculate 17 + -1 + (228 - 199) + (-21 - 2).
22
What is (-10 - (-4 + -10 - (7 - 14))) + 17?
14
Calculate (-53 + 51 - -23) + (-7 - 0).
14
Calculate (2 - 11) + -27 + 27.
-9
Evaluate 19 + -4 + (7 - 21).
1
Calculate -274 + 275 + (2 - 24).
-21
-7 - (12 + (4 - -4) + -5 + -9)
-13
What is -2 + (-8 - -2) - (5 - -1)?
-14
What is the value of -4 + (-3 - -8 - 9)?
-8
What is 23 + 5 - 16 - -6 - 11?
7
Evaluate -346 - -353 - (-2 + 45).
-36
7 + ((-14 - 4) + 1 - (8 - 6))
-12
Evaluate 22 + 1 + -6 + -3.
14
Evaluate 6 + (-6 - -11) + (1 - 0).
12
6 - (-3 + -67 + 59 + (-2 - 5))
24
Calculate 0 - 3 - (6 - (7 + 4)).
2
-27 + 1 - (12 + (40 - 64))
-14
Calculate -1 + -11 + 12 + -4 + -3.
-7
What is the value of (1 + -3 - 9) + -72 + 91?
8
What is ((-1 - -1) + -18 + 14 - -6) + 14?
16
Evaluate 4 + (6 - (-9 - -11 - 8)).
16
What is the value of -6 - -4 - 11 - -6 - -25?
18
Calculate 2 - (-6 + 23 + -22 + (-1 - 2)).
10
Evaluate 5 - (2 + 4) - -8.
7
Evaluate -4 - (0 + -7) - (-5 + (5 - -8)).
-5
What is 1 + (-6 - (6 - (1 - (-8 + -5))))?
3
-4 + (-3 - 12) + 15
-4
What is (6 - (3 + -9 - -7)) + (-2 - -3)?
6
Calculate 2 + 6 + -30 + 12.
-10
What is the value of 24 - (31 - (-5 + -4))?
-16
What is the value of -4 + (-8 - -20 - 6 - (8 + -3))?
-3
-8 + (36 + -16 - 5 - (-1 - 2))
10
(-16 - -13) + -4 + 2 + (13 - 10)
-2
Evaluate (4 + -1 + -12 - 10) + (-1 - -8).
-12
What is 1 + -7 - (-28 - -33 - (0 + -5))?
-16
Evaluate (1 - -28) + 1 + -7.
23
Evaluate 19 + -2 + -12 - (-2 + (0 - 1)).
8
What is the value of -7 + -8 - -34 - 19?
0
Evaluate 21 - (37 - 23) - 17.
-10
-27 + (4 - -13) + -9 + 2
-17
Evaluate (2 - -3) + -9 + 2 + -2 + -2.
-6
What is 874 + -903 + 38 + 2?
11
Evaluate 2 - (-6 + -2 + 12) - -7.
5
17 - (-2 + (20 - (1 - -5))) - 12
-7
Calculate (25 + -10 - -5) + 3 + -9.
14
Evaluate 1 - 3 - (-10 + 1 + (7 - 5)).
5
What is (-174 - -183) + (-1 - 10)?
-2
What is -11 + 32 + -16 + -10?
-5
Calculate -19 - (39 + -38 + (-7 + -4 - 0)).
-9
Evaluate (8 - 15) + 7 + 5 + -2.
3
Evaluate -3 - -3 - (-8 - -13 - 2 - -18).
-21
What is -22 - (-4 - (20 - 16))?
-14
-28 + 80 + -21 + -10 + 2
23
Calculate 1 - (14 + -23 - (-11 - 1)).
-2
Evaluate 28 + (-16 - (29 + -20)).
3
(-11 - (-5 + 1)) + 15
8
What is (-3 - -2) + 2 - -3 - (-193 + 175)?
22
Evaluate -9 + -5 + 2 + 9 + 1 + 7.
5
What is the value of -16 + 23 + (-4 - (4 - 1))?
0
Calculate (-4 - 1) + (3 - ((3 - 3) + -4)).
2
Calculate 1 + -2 - (0 + 0) - (-62 + 50).
11
What is the value of 25 - 1 - (5 - 0 - 18 - -23)?
14
Calculate 21 + -10 + -1 + -12.
-2
Evaluate 0 + (-13 - 5) + 2 + 3 + -1.
-14
Calculate -22 - (7 + -32 + 10).
-7
Evaluate 7 + -14 + 23 + -12.
4
What is the value of -13 - (3 + -14 + (15 - 6))?
-11
What is (15 - (-4 + 22 + -9)) + (0 - 19)?
-13
1 + 4 - ((-15 - 9) + -5 + 2)
32
Calculate 99 - 72 - (2 - -31).
-6
What is the value of 12 + -17 - (1 - 5)?
-1
What is the value of 14 - 4 - (-12 + 33 + 23)?
-34
What is (-3 - 1) + -5 + -13 + 17?
-5
What is -52 + (-4 - -59) + (-2 - -1) + 7?
9
Calculate (-10 - -6 - -4) + (-8 - 5).
-13
What is -1 + -5 + 8 + -12 + 4?
-6
Calculate -23 - (-1 - (15 - 16)).
-23
What is the value of 4 + (12 - (0 - 7 - -12))?
11
What is -18 + 29 + -3 + -3?
5
What is the value of -11 + 21 + (-29 - -19)?
0
-10 - (-17 - -9 - (11 - 4))
5
What is (1498 - 1497) + (1 - -29)?
31
What is 13 + (23 - 34) - ((0 - -2) + 1)?
-1
-52 + 28 + 6 - (-1 - 6)
-11
What is (-10 - (4 + -2 + -14)) + -5 + 2?
-1
What is -10 + 22 + -33 + (7 - 3)?
-17
Calculate (-10 - -24 - 2) + -6.
6
0 + 1 - (11 + -12 - -1 - -15)
-14
Evaluate -13 + (19 + -28 - (-25 - -8)).
-5
-18 + 64 + -23 + (-4 - -2)
21
10 + -3 + -34 + (25 - 3)
-5
What is 5 + (-17 - -2) - (-4 + 11 - 10)?
-7
Calculate -3 + -5 + (25 - 17) + -14.
-14
Evaluate (3 - -2) + (0 - 4) + 0 + -1.
0
What is the value of -4 + -1 + (-6 - (10 - (13 + -2)))?
-10
What is the value of 15 - 4 - 27 - -18?
2
7 + (-77 - -78 - (-9 - -1))
16
What is 3 + -3 + 10 + (-28 - -32)?
14
Evaluate 189 - 169 - (0 - 0 - (-2 + 2)).
20
Evaluate 5 + ((-23 - 2) + (-22 - -22) - -4).
-16
What is -2 + -3 + (-4 - (0 - -1))?
-10
What is -10 + -42 + (-30 - -54)?
-28
20 + (-14 - 4) - (-2 - 28 - -5)
27
What is -10 + -1 + 16 - -4?
9
-7 - (-10 - -5) - (3 + (-2 - 9))
6
Calculate (4 - -5) + -21 + -3 + -1 + -3.
-19
Evaluate (-2 - -8) + (35 - 33).
8
What is -808 + 779 - (1 - 24)?
-6
Evaluate 22 + (-9 - -21) + -15.
19
Calculate -5 + 18 + -6 - (-6 - -11 - -11).
-9
Calculate -13 - -1 - (-17 + -5).
10
What is the value of 2 + -3 + 3 + (184 - 192) + 22?
16
(-10 - -23) + 12 + (-2 - 6) + 6
23
Calculate -3 - (2 - (7 - ((3 - -1) + 1))).
-3
Calculate -3 - (-4 + 11 - (10 - 6)) - 5.
-11
What is -952 + 964 + 11 + 0?
23
1 - -11 - (-10 - (-18 + -13 + 32))
23
-4 + (11 - (-4 + 1 + (14 - 7)))
3
Calculate 68 + -77 - (-2 - -10).
-17
What is (25 - 34) + -1 + 17?
7
Calculate 20 + (-12 - (-14 + 3 - -4)).
15
Evaluate -2 + 23 + (2 - 17).
6
What is the value of 6 + -1 - (-29 - -32 - 12)?
14
-5 - (-4 - (5 + 2 + -4))
2
Calculate -2 + 7 + -8 - (3 - (-20 - -4)).
-22
Calculate 34 + -99 + 38 + 33.
6
(1 - (-7 + 3)) + -1 + -8
-4
What is (1 - 42) + (-782 - -836)?
13
What is 3 - (-2 + (0 - -2) + -7)?
10
What is 2 + 3 + (7 - 9) + -5?
-2
What is the value of (0 + -9 + 5 - (-8 - -20)) + 4?
-12
What is (22 - (51 + -36)) + (-16 - 0)?
-9
What is 3 - (0 + -5) - 9 - -5?
4
Calculate (99 - 99) + (-13 - 0) - -12.
-1
What is the value of (-24 - 1) + (58 - 39 - 14)?
-20
Evaluate 7 + ((-3 - -4) + 10 - (3 + -2)).
17
Evaluate (-1 - -2) + (10 - -10 - -1) + -42.
-20
What is -51 - 0 - (-1564 - -1541)?
-28
What is 1 + (-2 - (-8 - (-2 - 10))) - -4?
-1
What is (15 - -12 - -2) + -57?
-28
What is the value of -8 - -3 - (-7 - (7 - (6 + 3)))?
0
265 + -268 - (-2 + 3 + -6)
2
Evaluate (44 - (25 + -6)) + -24.
1
Evaluate (1 - -1) + 6 + (-14 - 8) - 0.
-14
Evaluate (-5 + 9 - 6) + -3 - -12.
7
What is the value of 5 - -13 - -17 - (5 - 4)?
34
Calculate -13 + -4 + 15 - -3.
1
Evaluate 1 - 8 - ((-33 - (-13 - -8)) + 5).
16
Evaluate 18 - -10 - (33 - 9).
4
Evaluate -18 - (-4 - 1 - 0 - 1) - 0.
-12
-5 + 6 + -3 + -3 + 13
8
Calculate -7 - (0 + -3 + -4 + -4 + -3).
7
(-7 - (6 + (-4 - 1))) + 6
-2
Evaluate -6 + -10 + 3 + (31 - (1 - 2)).
19
Evaluate 6 + (-2 - (7 - 0)).
-3
What is (-8 + 2 - 3) + (16 - (-16 - -31))?
-8
What is (9 - 0) + (-9 - (-10 + 3 - 7))?
14
Evaluate 4 + 16 + -14 + -11.
-5
21 + (3 - 5 - (14 + -7))
12
What is 25 - (-1 - -5) - (0 + -4 + 10)?
15
Evaluate (10 - 12) + 6 - 6.
-2
What is the value of -4 + 0 + 56 + -20 + -27?
5
What is the value of -411 - -399 - (-1 + -33)?
22
Calculate 23 - 2 - (12 - -2).
7
What is (15 + 19 - 23) + -31?
-20
What is -8 - (10 + (6 - 19)) - (1 + 30)?
-36
Evaluate 10 - (-7 + 1 + (-1 - -5)).
12
-8 + -9 + (6 - 1) + 21
9
(26 - 14) + 2 + -42 - -8
-20
Evaluate 3 - 37 - (-33 + 13).
-14
(115 - 133) + -2 + 3
-17
What is (-3 + 10 + -13 - 14) + 8?
-12
What is the value of (1 - -15 - (-127 - -150)) + 0?
-7
Evaluate 0 - ((-47 - -22) + 31).
-6
What is -14 - ((3 - 9) + 1)?
-9
What is 5 + (0 + -6 + -1 - -9)?
7
What is -1 - 9 - (-12 + 3 - (28 + -34))?
-7
What is the value of 2 - ((5 - 2) + 14 - 6)?
-9
Evaluate (-6 - -10) + (-20 - -9).
-7
What is 8 + 1 + (3 - 2) + -13 + 5?
2
Calculate